et f = t + -94. What is the highest common divisor of 7 and f?
7
Suppose -4*k + 0*k = 5*b - 1558, 0 = 4*k - 4*b - 1540. Suppose 2*a - 84 = c + 2, -5*a + 215 = 3*c. What is the highest common factor of a and k?
43
Let i be 38/209 - 234700/(-220). Calculate the highest common divisor of 1358 and i.
97
Let u(r) = r**3 + 51*r**2 + 273*r - 80. Let t be u(-41). Calculate the greatest common divisor of 49 and t.
49
Let z = 2791 + -2783. Suppose 2*u + 2 - 16 = 0. Let l = 13 + u. Calculate the highest common factor of z and l.
4
Let t be 58974/1 + (-360)/(-15) + -11. What is the greatest common divisor of 61 and t?
61
Let a be (-2)/(-6)*-15 - -13. What is the greatest common factor of a and 328?
8
Let q = 55 + -51. Let h(d) = d + 12. Let g be h(-9). Suppose v + q*v = -3*c + 48, g*c = 5*v - 72. Calculate the highest common factor of 18 and v.
6
Let w be 36/15*(-20)/(-8). Let x(t) = 2*t - 3*t - 14 + 3*t - w*t. Let n be x(-7). What is the highest common divisor of 14 and n?
14
Suppose 5*k - 3990 = -2*h, 2775*h - 2780*h = 4*k - 9941. Calculate the highest common divisor of 5 and h.
5
Suppose -3*w - 3*a = -21, -3*w + 21*a = -2*a - 99. Calculate the highest common divisor of w and 786.
2
Suppose 35 + 5 = 5*x, 4*f + 5*x = 640. What is the highest common factor of f and 7710?
30
Suppose -102*i + 109*i = 2828. Let o = i + -365. What is the highest common divisor of 143 and o?
13
Suppose 5*d = 99*n - 96*n + 1857, 3*n - 747 = -2*d. Calculate the greatest common factor of 124 and d.
124
Let y(t) be the first derivative of -25*t + 6*t**2 - 1/3*t**3 - 10. Let c be y(8). What is the greatest common factor of 7 and c?
7
Let j be (13/(-2) - -7)*(3 - 1). Let b be (-22)/(1*(-3 + j)). Calculate the greatest common divisor of b and 33.
11
Suppose -2*f + p + 605 = 0, 10 = -131*p + 133*p. Calculate the greatest common factor of 1464 and f.
61
Let r = -34741 + 34747. Let z = -261 + 449. Suppose 2*k = 3*u + 117, -3*k - 4*u + z = -6*u. What is the greatest common factor of k and r?
6
Let k be (-4900)/210*(-6)/14. What is the greatest common factor of k and 3350?
10
Suppose -3*y + 32640 = 5*t, -19584 = 150*t - 153*t - 3*y. Calculate the highest common factor of t and 510.
102
Let w(i) = i**2 - 1401*i - 2799. Let p be w(-2). Calculate the greatest common divisor of p and 44.
1
Suppose -j - 565 = -7*s, 31*j - 20 = 35*j. Calculate the greatest common factor of s and 805.
5
Let z = 671 - -99. What is the greatest common divisor of 1210 and z?
110
Let h(w) = -w**3 + 186*w**2 + 423*w - 2023. Let n be h(188). Calculate the greatest common factor of 9 and n.
9
Let f = 189 - 39. Suppose 353 + 272 = 5*i - w, 2*w + 125 = i. What is the highest common divisor of i and f?
25
Let s be 3/1 - 0/7. Let h(p) = 36*p - 33*p + 3*p**2 + 3*p**3 + 2*p**3 + 4 - 2*p**3. Let k be h(s). What is the greatest common divisor of k and 11?
11
Let a = 19 - 112. Suppose 0 = 43*k + 1252 + 2317. Let t = k - a. Calculate the highest common factor of t and 2.
2
Suppose 13*z - 9*z = 2*b + 2620, 5*z - 3297 = -3*b. Calculate the highest common factor of 18 and z.
9
Let t(p) = 6*p**3 - 86*p**2 - 7*p - 148. Let k be t(18). What is the greatest common divisor of 298 and k?
298
Let d(g) = g**3 + 28*g**2 + 53*g - 76. Let b be d(-23). What is the highest common factor of 540 and b?
270
Suppose -3*k + 0*s - 29 = 5*s, 4*s - 36 = 5*k. Let l be (-308)/(-9) - k/(-36). Calculate the highest common divisor of l and 187.
17
Let i(a) = 4*a**2 + 6*a + 49. Let s be i(0). What is the greatest common factor of 2401 and s?
49
Let b(c) = 5*c**2 - 22*c - 1. Let u be b(7). Let n = -77 + u. Suppose n*g = 360 + 56. Calculate the highest common factor of g and 288.
32
Let v(z) = -44*z**3 - 40*z**2 - 177*z - 22. Let n be v(-4). Calculate the greatest common divisor of 108 and n.
54
Suppose -5*s - 4*c = -436, -2*s + 4*c = -115 - 65. Calculate the greatest common divisor of 1188 and s.
44
Let r be ((-6)/18)/(8/264). Let j(x) = x**2 - 3*x - 131. Let u be j(r). What is the highest common factor of 299 and u?
23
Suppose -5*y = j - 109, 55*j - 5*y = 53*j + 218. Calculate the greatest common divisor of j and 2289.
109
Let v be 6 - -1973 - (-1 + -1). Let w = v - 937. Suppose 0 = 15*b + 144 - w. What is the greatest common divisor of 15 and b?
15
Let w be 1/(-4)*14 - (-6)/4. Let h = 10 - w. Let z = -67 + 187. What is the greatest common factor of h and z?
12
Suppose -152 = -4*u - 4*n, 5*n - 2 - 92 = -2*u. Let w be (36/(-9))/(-2 - 0). Calculate the highest common factor of u and w.
2
Let m(t) = 801*t - 3113. Let p be m(4). What is the highest common divisor of 15561 and p?
91
Suppose -2*l - 14 = 5*u - 74, 0 = u + 3*l + 1. What is the greatest common factor of u and 17122?
14
Let l be 40/2 - (-3 + (6 - -2)). Suppose 0 = -60*d + 59*d + 6. What is the greatest common divisor of l and d?
3
Let a(j) = 40*j**2 + 60*j - 282. Let z be a(6). Calculate the highest common factor of 966 and z.
138
Let h be 5*(-11)/((-220)/504)*120/45. Let p be (-3 + 30/3)*3. What is the highest common divisor of p and h?
21
Suppose k + 20 = -58. Let u be ((-27)/9)/(6/k). What is the highest common factor of u and 12?
3
Suppose 115*g - 28098 = 216*g - 108*g. Calculate the greatest common factor of 18 and g.
18
Let c = -2938 + 4751. Calculate the greatest common factor of 148 and c.
37
Let i(j) be the first derivative of 51*j**3 - 7*j**2/2 + 7*j - 10. Let y be i(2). Calculate the greatest common divisor of y and 11.
11
Let m = 54 - 30. Suppose -70*y = -69*y - 391. Suppose -8*b + y = -377. What is the highest common factor of m and b?
24
Suppose 8*d + 152928 = 53*d + 14*d. What is the greatest common factor of 405 and d?
81
Let c be 126/12*(-32)/(-6). Suppose 4*n - 196 = -3*n. Calculate the greatest common factor of n and c.
28
Suppose 36*o - 762828 = -198*o + 751152. What is the greatest common factor of 10 and o?
10
Let i(m) = -m**3 - 9*m**2 - 18*m - 28. Let r be i(-7). Suppose 3*f - 158 = -2*h + 481, h - f - 312 = r. Calculate the greatest common divisor of 10 and h.
5
Let q(r) = r**3 + 9*r**2 - 14*r - 55. Let w be q(-9). Suppose 72*s - w*s - 440 = 0. What is the greatest common divisor of 40 and s?
40
Let n = -129 + 131. Suppose -n*r = 523 - 1995. Calculate the greatest common divisor of 32 and r.
32
Suppose -14*a + 228 = 172. Let i = 41 - 5. Calculate the highest common divisor of a and i.
4
Let m be (-5232)/2*16*(-28)/896. Calculate the greatest common divisor of m and 2289.
327
Suppose z - 4*z = -135. Let y be 5/(-25)*-6*z. Calculate the highest common factor of 6 and y.
6
Let o be (-220892)/(-23) + (-12 + 15)/(9/(-12)). What is the highest common divisor of 25 and o?
25
Suppose 0 = x + 25 - 145. Let r = -29 + 44. Calculate the greatest common factor of x and r.
15
Let y(k) = -k**2 + 5*k + 49. Let h be y(-14). Let z = -212 - h. What is the highest common divisor of 1 and z?
1
Let d be 4/1*2/2. Suppose -2*h + 12 = d*h. Suppose 10*z - 29 - 21 = 0. Calculate the highest common factor of h and z.
1
Suppose 53*b = 57*b - 8844. What is the highest common divisor of 99 and b?
33
Let h(o) = 6*o**2 + 79*o + 197. Let m be h(-13). What is the highest common divisor of 1081 and m?
23
Let u(a) = -1119*a - 17. Let b be u(-3). Suppose -9*w + b + 1124 = 0. What is the highest common factor of w and 62?
62
Let v = 318 + -310. Let q be 28/((-2)/(2 - 4)). Suppose -v = -30*n + q*n. Calculate the highest common divisor of 36 and n.
4
Suppose 5*m - 10704 = 5*c + 13591, 0 = -m - 2*c + 4874. What is the greatest common divisor of m and 38?
38
Let x = 85 + -50. Suppose 0 = -5*i + 65 + x. Let n = 739306 + -739126. Calculate the highest common factor of i and n.
20
Let k(c) = -2*c**2 - 33*c - 117. Let b be k(-11). Suppose -3*n - b*q + 31 = 0, 5*n - n - 2*q = 56. What is the greatest common factor of 169 and n?
13
Suppose 4*i - 32445 = -30461. Calculate the highest common divisor of 592 and i.
16
Suppose 412 = -2*d - 0*d. Let m = 133 + d. Let g = m + 86. What is the greatest common factor of 52 and g?
13
Suppose 4*z - 45 = -3*l, 8 = 2*l + 3*z - 23. Suppose -y + 188 = 1. Calculate the greatest common factor of l and y.
11
Let h = -154 + 349. Calculate the greatest common factor of 715 and h.
65
Suppose -1 = -c, -13*d + 994 = -10*d + 4*c. Let i be (29/((-261)/d))/(2/(-15)). What is the highest common divi